2 + 2*q - 3. Let y be v(f). Suppose 5*s - 2 = -2*t, t + 14 = 5*s - y*t. What are the prime factors of s?
2
Let j = 13 - 8. Let r = 0 + -3. Let u = j + r. What are the prime factors of u?
2
Suppose 0*m + 75 = -5*m. Let s = m - -42. List the prime factors of s.
3
Let g = 0 - -3. Let y(t) = -t + 17. Let h be y(12). Suppose -h*b = 5*z - 6 - 14, g*b = -2*z + 6. List the prime factors of z.
2, 3
Suppose -2 = 3*d + 4*a, 5*d = -a + 7 + 1. Let x(q) = -q**2 + 8*q - 4. Let t be x(7). Suppose -t*z + d = -2*z. List the prime factors of z.
2
Suppose 0 = 4*b - 0*c - c - 176, 5*b - 209 = 4*c. What are the prime factors of b?
3, 5
Let x be 0 + (-3)/(12/248). What are the prime factors of (2/(-4))/(1/x)?
31
Let b = -38 + 84. List the prime factors of b.
2, 23
Let i = 9 - 7. Suppose -i*z = -3*z. Suppose z = -5*d - 0*d + 40. List the prime factors of d.
2
Let b(s) be the second derivative of s**5/20 - 7*s**4/12 + 7*s**3/6 - 3*s**2/2 + 2*s. Let j be b(6). List the prime factors of 32/6*j/1.
2
Let h be 3/(-6)*(-2)/(-1). Let a be (1/(h/(-102)))/1. What are the prime factors of a/27 - (-2)/9?
2
Let v(r) = 6*r**3 - r**2 - 2*r + 2. Let a be v(2). Suppose s - 3*s + a = 2*j, 0 = 2*s - 5*j - 28. What are the prime factors of s?
19
Suppose -4*m - m + 15 = 2*g, -12 = -2*g - 2*m. What are the prime factors of g?
5
Suppose 0*x + 4*x = 0. Let z = 3 - x. Suppose 3*t - 56 = -2*p, -2*p = -t - z*t + 84. What are the prime factors of t?
2, 5
Let g(x) be the third derivative of x**4/6 - 7*x**3/6 - 5*x**2. List the prime factors of g(6).
17
Suppose -4*t + 134 = -4*l + 38, -5*l = -3*t + 70. Let x = 43 - t. List the prime factors of x.
2, 3
Let l(h) = -7*h. Let q(w) = -2*w**2 - 3*w - 1. Let a be q(-2). List the prime factors of l(a).
3, 7
Let a(m) = 8*m**2 - 4*m. Let s be a(-3). Let t = s + -56. List the prime factors of t.
2, 7
Let u be (-38)/(-4) - 16/(-32). Suppose -2*a - u = -34. List the prime factors of a.
2, 3
Suppose -g + 89 = u - 0*u, 3*g + 4*u - 272 = 0. What are the prime factors of g?
2, 3, 7
Suppose -3*o - 12 - 16 = 4*l, -4*o - l = 46. What are the prime factors of 5/((o/(-9))/4)?
3, 5
Let m = 4 - 3. Let w be m - (1 + (-4 - 1)). Suppose 2*i + 4*h = 0, i + w*h = 2*i - 7. List the prime factors of i.
2
Let j = -226 + 329. List the prime factors of j.
103
Let t = -8 + 13. Let j be (-3)/15 + 91/t. Suppose -1 = 2*d - 11, q = -d + j. What are the prime factors of q?
13
Let y = 126 + 12. Suppose y = -2*u + 5*u. What are the prime factors of u?
2, 23
Let n = -15 - -17. Suppose l + n*l = 84. List the prime factors of l.
2, 7
Let z(m) = -2*m**2 + 11*m + 6. Let k(s) = s + 1. Let d(w) = 5*k(w) - z(w). Let l be d(7). Suppose -h - l = -6*h. What are the prime factors of h?
11
Let y = 0 + 3. Suppose -18 = -x - y*q, -3*x + 14 = -2*q + 3*q. List the prime factors of x.
3
Let z be -3*2/10*-5. What are the prime factors of (12 - (z - 0))/1?
3
Suppose -4*p - 8 = -8*p. Suppose -38 = -2*x + 2*r, -6 = x + p*r + 2*r. List the prime factors of x.
2, 7
Let w(l) = -l**3 - 4*l**2 + 16*l - 9. What are the prime factors of w(-8)?
7, 17
Let q(c) = c**2 - 2*c + 3. Let f be q(2). Suppose -f*n - 4 = -4*n. List the prime factors of n.
2
Let u(w) = -w**3 - 11*w**2 - w + 3. What are the prime factors of u(-11)?
2, 7
Let s(z) be the third derivative of -z**6/120 + z**5/60 - z**4/24 - z**3/3 - 3*z**2. List the prime factors of s(-2).
2, 3
Let t be ((-6)/4 + 2)*6. Suppose 0 = 5*l - t*i + 2*i - 15, 0 = -l - 4*i - 18. Suppose -7 = -l*q + 7. What are the prime factors of q?
7
List the prime factors of (-2394)/(-45) - (2 - 9/5).
53
List the prime factors of (8/14 - 1) + 2340/70.
3, 11
Let n(c) = c**3 - 17*c**2 - 19*c - 2. What are the prime factors of n(19)?
359
Let j = 110 - 56. List the prime factors of j.
2, 3
Let v be 2/8*0*-1. Suppose 3*u = v, -6*r = -2*r + 2*u - 152. List the prime factors of r.
2, 19
Suppose 4 + 31 = 7*z. What are the prime factors of z?
5
Let l = 4 + 0. Suppose 0*y - l = -y. What are the prime factors of y?
2
Let f = -73 - -119. What are the prime factors of f?
2, 23
Suppose n - 2*g - 7 = 0, 0*g - 4*g = -3*n + 19. Suppose 0 = -0*k - n*k + 105. What are the prime factors of k?
3, 7
Suppose 7*v - 2*v - 375 = 0. Suppose 13*d = 18*d - v. List the prime factors of d.
3, 5
Suppose -5*p = 5*o - 40, 5*o = 3*p + 16 + 56. Let h = o - 5. List the prime factors of h - (3 - 2 - 0).
2, 3
Let r = -35 + 83. Suppose 3*w - r = -w. What are the prime factors of w?
2, 3
Suppose 7*v = 2*n + 2*v - 120, 0 = -4*n - 2*v + 288. List the prime factors of (-60)/(-14) + (-20)/n.
2
Let w(r) = -r**3 + r**2 - r + 1. Let v(d) = -5*d**3 + 11*d**2 + 2*d + 11. Let o(y) = -v(y) + 4*w(y). What are the prime factors of o(8)?
3
Suppose -204 + 50 = -k. What are the prime factors of k?
2, 7, 11
Suppose l - 12 + 30 = 4*u, -5*l = 3*u - 2. Suppose -4 = -2*g - u*t - 0*t, 0 = -2*g + t - 6. List the prime factors of 0 + -2 + 14 + g.
2, 5
Let u be (-1)/(-2)*(-8)/(-4). Let v = u + -2. What are the prime factors of (-2)/v + 2 + -1?
3
Let n = -14 + 3. Suppose -4*y + 3*s = -2*y - 25, 2*y - 31 = s. Let c = n + y. List the prime factors of c.
2, 3
Suppose 0 = 2*d + 122 - 38. Let t = -25 - d. What are the prime factors of t?
17
Suppose -5*g = -0*g. Let l = 4 + g. What are the prime factors of l?
2
Let s(l) = -3*l + 19. List the prime factors of s(4).
7
Let p = 10 - 8. Suppose -43 = -p*r + 7. What are the prime factors of r?
5
Let y = 243 - 148. List the prime factors of y.
5, 19
Suppose 15 = 5*w + 4*x, 4*x - 4 = -w - 1. Suppose 0 = t - w*t + 3*p + 18, -5*t - 4*p = -68. List the prime factors of t.
2, 3
Suppose -5*i - 15 = -3*l - 0*l, -i + 3*l + 9 = 0. Let d be (-20)/i*9/6. What are the prime factors of (-84)/(-10) + (-2)/d?
2
Let r be -6*((-45)/6)/5. Suppose l - 12 = r. What are the prime factors of l?
3, 7
Let j = -2 + 8. Suppose -2*y = 2 - 6. Suppose -l = y*l - j. What are the prime factors of l?
2
Suppose -10*u - 72 = -552. List the prime factors of u.
2, 3
Suppose -2 + 0 = i. Let l be (-12*(-3)/(-2))/i. Suppose -4*m - 15 = -l*m, 0 = -4*a - 4*m + 52. List the prime factors of a.
2, 5
Let l(m) = -m**3 - 7*m**2 - 6*m. Let r be l(-6). Suppose r = b - 4*b. What are the prime factors of (3 - (b + 2)) + 7?
2
Suppose -v + 5*p = -3 - 104, 0 = -3*p + 3. List the prime factors of v.
2, 7
Let j = -4 - -4. Let u be 1*((j - 2) + 1). What are the prime factors of (-13)/(2/(-3 - u))?
13
Let o(s) be the third derivative of s**6/120 + s**5/60 - s**4/24 + 2*s**3 - 2*s**2. Let f = -3 + 3. What are the prime factors of o(f)?
2, 3
Suppose -5*n + 2*s - 32 = 0, -s + 0*s = 5*n + 44. Suppose x - 6*x + 82 = f, 4*x = -5*f + 74. What are the prime factors of (n/x)/(2/(-52))?
13
Suppose 4*u + 8 = -4*y, 2*u = 3*y + u - 10. Suppose 3*o = -y*o + 90. Suppose 60 = 3*w + o. List the prime factors of w.
2, 7
Let r = -5 + 1. What are the prime factors of 34/4 + (-2)/r?
3
Suppose p - 2*p = -23. List the prime factors of p.
23
Let h(x) = 2*x**2 - 3*x - 2. List the prime factors of h(-4).
2, 3, 7
Let b = 10 + -7. Suppose -b*q + 0 - 3 = -3*a, -3 = -q - a. Let y(g) = 4*g**3 + g**2 - g. What are the prime factors of y(q)?
2
Let f(k) = k - 26. Let g be f(13). Let z = g + 23. List the prime factors of z.
2, 5
Let w(q) = -7*q - 1 - 7 + 0*q**2 - q**2. Let v be w(-6). What are the prime factors of (-2)/v + (1 - -10)?
2, 3
Let z = 1 - 3. Let p be (-7)/(-2) - (-1)/z. List the prime factors of 1*6*p/9.
2
Let w = -106 + 183. List the prime factors of w.
7, 11
Let l = 6 + -4. Suppose -3*m = l*q + 21, 2*q - m + 12 = 3. What are the prime factors of 2 + 5 + q/(-3)?
3
Let r(b) = -b**2 + 5*b + 8. Let s be r(6). Suppose -2*t - 7 = g, 5 - 4 = s*g + t. List the prime factors of (3 + (-7)/g)*30.
2, 5
Let y(a) = 4*a**3 + 1. Let t be y(1). Suppose -3*h + 4*h - 7 = 0. Let i = h - t. List the prime factors of i.
2
Let x = -18 - -13. Let f = 5 - x. Suppose -2*m - 5*k = -0*k - f, k = 0. List the prime factors of m.
5
Let m be (45/(-6))/((-1)/2). Suppose 3*k + m = 0, -j + 5*j - 61 = k. What are the prime factors of j?
2, 7
Let d be (-1)/(2 - (-21)/(-9)). Suppose -d*w = -2*w + 2. Let z = 4 - w. What are the prime factors of z?
2, 3
Suppose d - 612 = -4*n, -482 = -3*n - 0*d + 5*d. List the prime factors of n.
2, 7, 11
Suppose 0 = -2*l - l + 30. Let r = 0 + l. Suppose z + r = 2*z. List the prime factors of z